t is the value of 7 - 2 - (15 + -6)?
-4
Calculate 1 + 5 + 89 + -86.
9
Calculate (-5 + 4 - (1 - 3)) + 1.
2
What is the value of -3 + 5 - -2 - 0?
4
Calculate -6 + 3 + 1 - (-19 - -15).
2
Calculate 12 - 9 - (2 + 4).
-3
-1 - (3 + (-1 - 1 - 6))
4
Calculate (2 - 3) + -1 + 3.
1
Calculate -5 + (6 - 0 - 1).
0
Evaluate -4 + (1 - ((0 - -3) + -9)).
3
What is the value of (-5 - (0 - (2 - 1))) + -2?
-6
Evaluate -5 - (-10 + -3 - -8).
0
Calculate 8 + (-5 - -5 - 6).
2
Evaluate 2 - (1 + 1) - -4 - 6.
-2
Calculate -1 - 7 - -6 - 0.
-2
(1 - -2 - 2) + 2
3
Evaluate 0 + 3 - (-1 - 0) - 2.
2
What is (11 - 14 - (-1 + 2)) + 9?
5
What is 0 + 1 + (7 - 4)?
4
Evaluate -1 - (-6 - (2 - 7) - 1).
1
Calculate (4 - 6) + (1 - 2).
-3
What is the value of (-1 + -2 - -6) + (-7 - -4)?
0
Evaluate 0 - -11 - 24 - -6.
-7
-3 - -7 - (3 - 1 - 1)
3
Calculate (2 - (-7 - -12)) + 2.
-1
What is the value of -1 + -1 + 1 - (-4 - -1)?
2
Calculate 6 + (-5 - (4 - 3 - 1)).
1
What is the value of -4 + (-5 - (3 + -8)) + 1?
-3
1 + 4 + -15 - -1
-9
Evaluate 6 + -5 - -7 - 4.
4
Evaluate -2 - (4 - 3 - -1).
-4
Evaluate -14 + 11 - (0 - 2).
-1
Calculate 4 + (-4 - 0) + (-22 - -20).
-2
Calculate -5 + 6 - (-3 - 1).
5
3 + -1 + (-9 - 3) + 7
-3
Evaluate 6 - ((-1 - (6 - 2)) + 6).
5
What is -1 + (4 - (6 + 0))?
-3
4 + -1 - (10 - 3)
-4
Calculate 1 - 7 - (-168 - -157).
5
0 + 2 + (4 - 10)
-4
(-12 + 2 - 3) + 9
-4
Calculate (7 - 1) + -14 - (-1 + -3).
-4
What is the value of -2 + 2 + -5 + -6 + 11?
0
(8 - 5 - 5) + -3 - 2
-7
(9 - 4) + (-2 - -3) - 1
5
Calculate 0 + (8 - -1) + 0.
9
What is -3 - (8 + -10 + 1)?
-2
What is 8 - 12 - (-4 - 1)?
1
What is the value of (-4 - -8) + -1 - 5?
-2
0 + (14 + -17 - (1 - 7))
3
-1 - -7 - 2 - -1
5
Evaluate (35 - 33) + -7 + 0.
-5
What is 0 - (-1 - 2 - (-3 - -1))?
1
Calculate 16 + -18 - (1 + -7).
4
Calculate 1 + -8 - (-11 - 0) - 8.
-4
36 + -29 - (6 + -4 + 4)
1
Calculate -13 + (-7 - (8 + -18)).
-10
What is (-2 - (-4 - 0)) + 3?
5
Calculate -1 - (-15 - -3 - (6 + -11)).
6
Evaluate (9 - 17) + (3 + 1 - -3).
-1
Calculate 3 + 10 + -11 + 1 + -2.
1
Calculate 2 - (-8 - -4 - -3).
3
What is the value of 1 + (8 - 12) + 2?
-1
Calculate -2 - (-1 + 3 + -7).
3
What is the value of 0 + 2 + 8 - 4 - 2?
4
What is -10 + 18 + -9 - 4?
-5
Evaluate (1 - -12) + 35 + -41.
7
What is the value of -3 + (-3 - -2 - -2)?
-2
5 + 2 + -4 - (3 + -1)
1
What is the value of -5 - (8 + -21 - -2)?
6
What is the value of -12 - (-9 + 10) - -4?
-9
What is the value of -8 + (11 - (16 + -11))?
-2
What is the value of 3 - 1 - 6 - (-14 - -8)?
2
What is the value of -3 + -1 + 3 + -3?
-4
Calculate (16 - 23) + (-3 - -18).
8
What is -2 + 3 + 2 - 5?
-2
Calculate (-1 + 4 + -2 - 0) + -4.
-3
Calculate -6 + 5 + (-3 - 1).
-5
Calculate (2 - 6 - -5) + -3 + 4.
2
Evaluate -33 - -33 - (-2 + 2 + 1).
-1
What is the value of -7 + (6 - 2 - 0)?
-3
3 - (-6 + 1 - (19 + -26))
1
What is (6 - (-5 - 0)) + -5?
6
What is -1 + (-14 - -4) + 7?
-4
What is the value of -16 - -9 - (-18 - -5)?
6
What is 2 + 4 - (-7 - -6)?
7
8 + -3 - (-3 - -4)
4
What is -1 - 0 - (-3 + 2 + -1)?
1
Calculate (-1 - -3) + (-2 - (-8 + 2)).
6
What is -1 - -7 - (4 - (-2 + 3))?
3
What is -82 + 92 - (9 - -2)?
-1
Evaluate 4 - (4 + (0 - 2)).
2
-6 - -15 - 21 - -10
-2
Calculate (-19 - -26) + -4 + 1 + -1.
3
Calculate 5 - (4 + -3 + 6).
-2
What is the value of -3 + (14 - 1) + -7?
3
Calculate 5 + -9 + 6 + -1.
1
(5 - 2 - 10) + 5
-2
What is 2 + (-1 - (-5 - -11))?
-5
What is the value of 1 - -13 - (84 + -73)?
3
Evaluate -18 - 0 - (18 - 27).
-9
Evaluate 0 + (11 - (-5 + 10)) + -4.
2
Evaluate -16 + 5 + 11 + 8.
8
Calculate -4 - (1 - -2 - 1).
-6
Evaluate 3 + (2 - (-11 + 6 - -3)).
7
What is 0 + 6 + -9 + -14 + 16?
-1
Calculate (4 - (-5 + 2) - 3) + -4.
0
Calculate (0 - 4) + (-24 - -26).
-2
Evaluate -1 + 0 - (-1 - -3 - -1).
-4
-2 + 10 + -6 + 0 + 0
2
Calculate 12 - (6 + (-1 - 2) + 0).
9
What is the value of 0 - 1 - (-3 + 2)?
0
Calculate 4 + -2 - (0 - -5).
-3
Calculate 4 - 3 - (1 + (-9 - -6)).
3
Evaluate 14 + 5 + (-25 - -7 - -7).
8
Calculate -9 + (-2 - -2) + 28 + -27.
-8
Calculate 0 + 1 + -8 + (77 - 75).
-5
Evaluate -8 + 10 - 19 - -8.
-9
(-8 - 0) + (-4 + 1 - -3)
-8
Calculate (0 - 0 - 0) + (-187 - -185).
-2
Evaluate -1 + 1 - (-4 + (-2 - -3)).
3
-3 + (3 - 2) + -3
-5
Calculate 5 - (-2 - 0 - (1 + -3)).
5
What is the value of 1 + -4 + 1 - 0 - -6?
4
Calculate -3 + (-3 - -5 - 2) + 5.
2
Evaluate -5 - (6 + 1 - (57 + -50)).
-5
Calculate (-11 - -5) + 1 + (4 - -5).
4
Calculate 1 - ((-3 - (-6 - 1)) + -2).
-1
-2 - ((2 - 5) + -4)
5
What is the value of (3 + -6 + -2 - -9) + -2?
2
Evaluate 5 + (-16 - -10 - -8).
7
Evaluate -1 + 0 - (-6 + 1 + 12).
-8
(-2 - -4 - -2) + -1 + -1
2
What is 1 + 4 + 1 + -3 + -3?
0
(0 - -2 - -4) + -5
1
Calculate (13 + -2 - 4) + -7.
0
What is (3 + -4 - 5) + 5?
-1
Evaluate 3 + (-5 + 6 + -4 - -7).
7
-9 - 3 - (-28 + 19)
-3
What is 3 + 0 + (-7 - -5)?
1
4 + 3 + -11 + (4 - -5)
5
Evaluate -2 - -3 - (0 + 3) - -5.
3
What is -1 - (-7 - (-15 + 14))?
5
Evaluate 3 + -6 + 3 - -5 - 0.
5
4 + 1 + 5 + -10
0
What is the value of (0 + -2 + -3 - -10) + -10?
-5
What is the value of -4 + -5 - -4 - -7?
2
-6 - -14 - (1 - -5)
2
Calculate (7 + -10 - (-2 + 0)) + -6.
-7
-6 + -5 - -4 - -5
-2
Calculate -9 + 5 + (11 + -2 - 3).
2
What is the value of (-4 - -2) + 3 - (-14 + 23)?
-8
What is -9 - -4 - -5 - 2?
-2
What is -1 + (5 - 0) - -1?
5
What is 0 + 7 + -3 + 1?
5
What is the value of -49 + 44 + (-2 - -4)?
-3
1 - 5 - (-2 + 3)
-5
9 - (4 + 2 - 2)
5
Calculate 9 + -14 + (1 - (-2 + -2)).
0
1 + 3 - (3 - (0 + 3))
4
What is 19 + -24 - (-6 + -1) - 1?
1
Calculate (10 - 1) + 70 + -73.
6
0 + -4 + (19 - 8)
7
What is the value of 4 + (4 - -3) + -6?
5
0 + (-1 - 1) + 3
1
Evaluate 3 + -4 + 0 - -3.
2
Calculate 2 - (-1 + 1 + -3 + 2).
3
1 + -4 + 15 + -5 + -6
1
Evaluate 5 - -1 - (9 + -2 - 2).
1
What is the value of -1 + (-2 - 0) + (2 - -4)?
3
Evaluate 2 + -2 - ((-22 - -13) + 3).
6
1 + (-11 + 12 - 8)
-6
Calculate -3 - -1 - -6 - 8.
-4
Evaluate 4 + (-5 - (-4 + 2)).
1
Evaluate -1 + -1 - (0 - (-9 + 11)).
0
2 + 5 + (5 - 11)
1
-3 + (-8 + 12 - (4 + -1))
-2
4 + -4 - (-10 + -4 + 8)
6
Evaluate -7 + 11 + -12 + 4.
-4
5 + 3 + -1 + -4
3
What is the value of -4 + -1 + -3 + 9?
1
11 + -4 + -4 + 1
4
What is 0 + 6 - (5 + 5 + -10)?
6
What is the value of (6 - 8 - (0 - 4)) + 0?
2
Calculate -6 - (1 + 0 + -11) - 0.
4
Calculate (10 - 16) + (11 - -2).
7
Calculate -12 - (-5 + 18 - 31).
6
What is the value of 1 + -3 - (-10 - 3 - -8)?
3
Calculate 2 - (4 + -8 - -10).
-4
Evaluate -1 - (2 + -2) - 1.
-2
What is the value of -4 + 3 - 3 - -4?
0
13 + -1 + -15 + 3 + 7
7
Calculate 94 + -102 - ((0 - 1) + -2).
-5
Evaluate -16 + (2 - 4) - -12.
-6
What is the value of (24 - 30) + (10 - 2)?
2
What is -1 - -3 - (-6 - -3)?
5
Calculate (7 - -7) + -13 - (1 - -2).
-2
-2 - 0 - (-17 + (6 - -9))
0
Evaluate 4 - 2 - (0 + 2) - 2.
-2
What is 3 + 0 - (6 - -2)?
-5
What is -1 + 4 + -3 + -2?
-2
What is the value of 8 - (-3 + 5 + 1)?
5
Calculate (-4 - -7) + -5 - (-3 - 2).
3
Calculate 3 + -14 + -1 - -5.
-7
Evaluate -4 + -1 + 4 + -4.
-5
What is 4 + 12 + (-11 + 1 - -3)?
9
Evaluate (2 - 2) + -5 + 3.
-2
Calculate -4 + 1 + -3 + 5.
-1
What is -2 + 0 - -4 - 5 - -3?
0
Calculate (-7 - -8 - -3) + 1.
5
1 + (-1 - (0 - -3)) - -3
0
What is 0 - (6 + -7 - 3)?
4
What is (-11 - -3) + 4 - 1?
-5
Calculate -1 + 3 + (-4 - -3).
1
What is the value of 1 - (5 + (-7 - -10))?
-7
16 + -17 - ((4 - 0) + 0)
-5
Calculate 2 - ((-4 - -5) + (-1 - -1)).
1
Evaluate -1 + (-4 - -5) + 3 + -3.
0
Evaluate 3 - (2 + -2 - 3 - -2).
4
What is the value of 2 + -5 + 3 + 0 + -2?
-2
What is -167 + 164 - (-1 - 6)?
4
What is the value of (4 + (-7 - 0) - -1) + -2?
-4
What is -11 + 0 - (53 + -69)?
5
7 - (-6 + 14 + 6)
-7
Evaluate 6 + (1 + -11 - -6).
2
Calculate -4 + 5 + (1 - (6 - 4)).
0
-4 + -4 + (6 - (-10 - -9))
-1
What is (-1 - 6) + 23 + -6?
10
Calculate 10 + -3 + -11 + -3.
-7
Calculate (-6 + -10 - -1) + 12.
-3
What is the value of (3 + 5 - 1) + (-2 - 2)?
3
2 + -1 - ((6 - 9) + 0)
4
Evaluate -8 - (13 - 13) - -12.
4
Evaluate (0 + -2 - -2 - 0) + -2.
-2
Calculate -6 - (-5 + (4 - (1 - -2))).
-2
-3 + (1 - -8 - 3)
3
Evaluate -1 + -11 + (6 - -2).
-4
Evaluate -12 + 10 + 1 - 3.
-4
What is (-8 - -7) + 2 + 1 + 4?
6
Evaluate (10 + -10 - (-3 - -1)) + -3.
-1
What is (1 - (1 - (-1 - -6))) + -12?
-7
Evaluate (0 - (0 + 5)) + 14 + -8.
1
Evaluate (-5 - (-4 - -2)) + -1.
-4
What is -1 + 0 + -5 + 3 - 2?
-5
-1 + -2 -